= 3*g. Suppose 2*h + h = g. Let a = 6 - h. What are the prime factors of a?
2
Let m = 15 - 11. Let l = 7 + m. What are the prime factors of l?
11
Suppose 0 = -2*z + 4*z - 270. List the prime factors of z.
3, 5
Let i(d) = d**2 - 8*d - 8. Let p be i(7). Let j = 31 + p. Suppose 0 = 2*b - 4*a, -a + j = 4*b - 2. List the prime factors of b.
2
Suppose -5*y = -3*y - 10. Suppose -2 = -j + y. Suppose 5*m = d + 57, 0 = 5*d + 3 + j. What are the prime factors of m?
11
Suppose 38 = 5*u - 3*c, 7*u - 26 = 3*u - 2*c. Suppose -u + 3 = -2*n. Suppose 21 = 5*v - n*v. List the prime factors of v.
7
Let u be (-6)/(15/(-6) + 1). Suppose -a = -u*a - o + 19, 0 = 3*a - 2*o - 25. What are the prime factors of a?
7
Let n(d) = -d**3 - 8*d**2 - 3*d - 7. What are the prime factors of n(-8)?
17
What are the prime factors of 3/(-1) + 5 - -3?
5
Let c(x) = -x + 9. Let b be c(7). Let f(o) = 9*o - 1. What are the prime factors of f(b)?
17
Suppose 2*c + 0 = -2. Let f = c + 11. List the prime factors of f.
2, 5
Suppose -o - o - 6 = 0. Let r(j) = 2*j**3 - j**2 + j + 4. Let v(n) = 3*n**3 - n**2 + 4. Let b(h) = 4*r(h) - 3*v(h). List the prime factors of b(o).
2, 5
Let y = 7 - 5. Suppose -5*r + y*r = -3. Suppose -3*m + 18 = 4*j, 0*m - 3*j = -5*m + r. What are the prime factors of m?
2
Let p = -65 - -96. Let b = p + -7. What are the prime factors of b?
2, 3
Suppose -t = -3*t + 10. List the prime factors of (14 + 0)*t/10.
7
Suppose 4*k + 2 - 18 = 0. Suppose -k*t - 105 = -3*c, -56 = -0*c - 2*c - 2*t. Suppose -3*w + c - 1 = 0. List the prime factors of w.
2, 5
Suppose -d + 0*d + 25 = 2*x, -90 = -5*d - 3*x. Let j = 27 + d. List the prime factors of j.
2, 3, 7
Let t(o) = o**2 - 6*o - 5. Let n(y) = y**2 - 5*y - 4. Let z(a) = 5*n(a) - 4*t(a). List the prime factors of z(5).
2, 5
Suppose 11*u = 3*u + 480. What are the prime factors of u?
2, 3, 5
Let t = -18 + 28. Let f be (2/4)/((-1)/4). Let s = t - f. List the prime factors of s.
2, 3
Let d = 283 - 32. What are the prime factors of d?
251
Suppose v - 20 = -3*v. Suppose v*c = -4*t + 98, -c + 2*t + 14 = -14. Suppose c + 11 = 3*n. What are the prime factors of n?
11
Suppose -2*j = 3*p - 8, -p = -7*j + 2*j + 37. What are the prime factors of j?
7
Let o = -130 - -229. Suppose -j - 2*j + o = 0. Suppose 2*b = j + 3. What are the prime factors of b?
2, 3
Let i(h) = 6*h**2 - 2*h + 4. Let z be i(-3). Suppose 160 - z = 4*n. What are the prime factors of n?
2, 3
Let g(p) = -p**2 + 2*p + 3. Let w be g(-2). Let z(j) = j**2 + 5*j + 3. What are the prime factors of z(w)?
3
Let i be ((-20)/8)/((-1)/10). Let g = i + -13. List the prime factors of g.
2, 3
Let q be 9 + (-2 + 0 - -1). Let u(g) = g + 9. Let w be u(q). Suppose -4*y = -w + 5. List the prime factors of y.
3
Let j(h) = h**2 + 6*h - 2. Let n be j(-6). Suppose -40 = -2*q + 4*a, a - 18 + 73 = 5*q. List the prime factors of -1 - n - -1*q.
11
Let r(c) = -c**2 + 11*c - 10. Let k be r(10). Suppose 2*y - o - 29 = k, -52 = -2*y - 2*y + 4*o. What are the prime factors of y?
2
Let f(x) = -x**3 - 5*x**2 - 5*x - 2. Let r be f(-3). Let i = r + 10. Suppose k = 6*k + i*u - 65, -3*k - 4*u = -43. What are the prime factors of k?
3
Let m(c) = -c**2 - 3*c**2 - 3*c**3 - 7 + 0*c + 2*c**3 + 3*c. Let v be m(-5). What are the prime factors of v/(3/14)*1?
2, 7
Suppose -h = 6*h - 1162. List the prime factors of h.
2, 83
Let z = 3 + -1. Let u = 1 + z. What are the prime factors of u?
3
Suppose o = 9 - 1. Let t(n) = -n**3 + 8*n**2 + 8*n. Let a be t(o). Suppose 5*g - r + 2*r - a = 0, -4*g - 5*r = -68. List the prime factors of g.
2, 3
Let s(b) = -b**3 + 4*b**2 - 3. Let h be s(4). Let f(w) = -3*w**3 - 3*w**2 + 4*w + 1. List the prime factors of f(h).
43
Let h(j) = -4*j - 4. List the prime factors of h(-13).
2, 3
Suppose -143 = -5*w + 3*x, -3*w + 0*w + 113 = 5*x. Suppose -q + 0*k = -k + w, -110 = 4*q + 3*k. Let c = -16 - q. What are the prime factors of c?
13
Let h(f) = f + 5. Let l be h(-3). Suppose -35 = a - l*a. What are the prime factors of a?
5, 7
Let c be (-1)/(-5) + (-22)/10. Let b be -2 + (2 + c)/(-2). Let o = 6 + b. What are the prime factors of o?
2
What are the prime factors of -3*(-15)/(-18)*-4?
2, 5
Let q(k) = -k**3 - 5*k**2 - 5*k - 4. Let f be q(-4). Suppose -z + 4*v + 21 = f, -33 = -4*z - 3*v + 2*v. Suppose -m + 4 = -z. What are the prime factors of m?
13
What are the prime factors of (-10)/3*-15*(0 - -1)?
2, 5
Suppose p + 26 = -3*v - 33, -3*v - 2*p = 58. Let m = v - -53. List the prime factors of m.
3, 11
Suppose 0*o = 3*o - 30. Suppose 0 = -2*s - 4*x + o, 2*s - x - 2 = 3. What are the prime factors of s?
3
Suppose -d + 0*d = -5. Let p(f) = f - 3. Let t(o) = 2*o - 3. Let y(m) = d*p(m) - 4*t(m). What are the prime factors of y(-4)?
3
Suppose 3*u = -3*o + 255, 3*o - 74 = -4*u + 178. Suppose 5*k = o - 3. List the prime factors of k.
17
Let t(f) = 11*f - 4. List the prime factors of t(2).
2, 3
Let g = -8 + 12. What are the prime factors of g?
2
Let r be 85/15 - 4/6. Let d = r - 0. List the prime factors of d.
5
Let s(m) = -2*m - 5. Let l be s(-5). Suppose l*i - 6*i = -9. What are the prime factors of i?
3
Let a(s) = -10*s**2 - s. Let u(x) = 21*x**2 + 2*x. Let q(l) = 5*a(l) + 3*u(l). List the prime factors of q(-1).
2, 3
Let i = 67 + 148. What are the prime factors of i?
5, 43
Let q(w) = w**2 - 5*w - 9. Suppose 5*h - 2*m - 23 = 0, 3*h - h - m - 10 = 0. Let z be -7*(-1 - 0/h). List the prime factors of q(z).
5
Suppose 0 = 5*z + 4*y + 12, -3*y = 3*z - 4*y + 14. What are the prime factors of (-1)/z - 3510/(-72)?
7
Suppose 0 = 5*r - 6 - 9. List the prime factors of 49 + (r - 1) + -1.
2, 5
Let n be 0/(-2) + -1 - -88. Suppose 0 = -3*x - s + 57, -2*x = 3*x - s - n. Suppose y = 3*y - x. What are the prime factors of y?
3
Suppose 14*o - 17*o = 0. Suppose 5*a - 82 = 4*j, o = j - 2. What are the prime factors of a?
2, 3
Suppose -4 = 2*q - 12. Suppose 54 + 30 = q*v. What are the prime factors of v?
3, 7
Let o be 4 - (-2)/(3 - 1). Suppose 0*d = -o*d + 80. List the prime factors of d.
2
Let b = 8 + -6. Let x be 3/12 - 14/(-8). What are the prime factors of (x + b)*22/8?
11
Let g(v) = 11*v**2 + 11*v + 5. List the prime factors of g(-4).
137
Let l = -7 + 12. Suppose -c - z = -4, l*c + 4*z - 7 = 14. Suppose 0*b + 4*b = -2*r + 54, -3*b - c*r + 37 = 0. List the prime factors of b.
2, 7
Let q(l) = 4 - 2*l + 0*l + l. Let j be q(5). List the prime factors of j/2*(-2 - 2).
2
Suppose 0 = -5*s - 20 - 5, 4*u = 2*s + 430. Suppose 0 = -4*y + 9*y - u. What are the prime factors of y?
3, 7
Let x(d) be the third derivative of d**5/60 - 11*d**4/24 - 5*d**3/6 + 4*d**2. List the prime factors of x(14).
37
What are the prime factors of (-1588)/(-16) + (-5)/4 + 1?
3, 11
Let h(o) = -4*o + 7. What are the prime factors of h(-7)?
5, 7
Let v = 4 + -4. Let f = v - -2. What are the prime factors of f?
2
Suppose -6*p - 60 = -9*p. List the prime factors of p.
2, 5
Let t(m) = -m**3 - m**2 + 2*m + 3. Let f be t(-2). Suppose -f*z + 0 = -123. What are the prime factors of z?
41
What are the prime factors of (-8)/16*(-52)/2?
13
Suppose 0*c + 3*c = 3*h + 159, -h - 5 = 0. Let u = c + -10. Suppose 0 = -4*j + u - 2. List the prime factors of j.
3
Suppose 0 = -2*k + 5*f + 5, k - 4*f + 24 = 5*k. Suppose -2 = k*i - 7. What are the prime factors of (1 - -21)*i/2?
11
Suppose 11 = 3*q - 4. Suppose -3*n - 10 = -2*g + 13, -3*n = q*g - 26. Suppose -5*a = -g - 63. List the prime factors of a.
2, 7
Let s(c) = c**3 - 5*c**2 + 3*c - 5. Let t(m) = 9*m - 1. Let i be t(1). Let p = i + -3. What are the prime factors of s(p)?
2, 5
Let r(i) = i**2 + 34. What are the prime factors of r(0)?
2, 17
Let s = 61 + -39. List the prime factors of s.
2, 11
Suppose -4*d - 584 = -8*d. What are the prime factors of d?
2, 73
Let c be 3/(-1)*20/(-6). Let p = c - 6. Let q = 6 + p. What are the prime factors of q?
2, 5
Let m(z) = 8*z**2 + 3*z - 1. List the prime factors of m(2).
37
Let u(q) = -q - q**2 - 9*q + 7 + 0. List the prime factors of u(-9).
2
Let u = -22 - -37. Suppose 5 = 5*l + u. List the prime factors of (-10)/(2/l) + 1.
11
Let t = 7 - 7. Suppose t = 5*x + 5*v - 130, 5*x - 5*v - 62 = 2*x. What are the prime factors of x?
2, 3
Let a be (1 - 0)*(9 - 0). Suppose -4*b - 3*d - 12 = d, 3*b + 5*d = -11. Let o = a - b. What are the prime factors of o?
11
Suppose -5*x - 2*r + 135 = -40, 3*r + 150 = 5*